91 and 17?
17
Calculate the greatest common divisor of 2175 and 300.
75
What is the greatest common divisor of 39 and 39?
39
Calculate the highest common factor of 322 and 210.
14
Calculate the greatest common factor of 13685 and 23.
23
What is the greatest common divisor of 416 and 260?
52
Calculate the highest common divisor of 14 and 427.
7
What is the highest common factor of 8 and 796?
4
What is the highest common divisor of 924 and 798?
42
What is the greatest common factor of 20 and 45?
5
Calculate the greatest common divisor of 13 and 169.
13
Calculate the highest common divisor of 5396 and 3124.
284
Calculate the greatest common factor of 24 and 144.
24
What is the greatest common divisor of 2838 and 688?
86
Calculate the highest common factor of 30 and 15110.
10
Calculate the highest common divisor of 26 and 377.
13
What is the highest common factor of 10 and 230?
10
Calculate the highest common factor of 12 and 60.
12
Calculate the greatest common factor of 245 and 147.
49
What is the highest common divisor of 6 and 5382?
6
What is the greatest common factor of 169 and 403?
13
What is the highest common factor of 110 and 4015?
55
What is the highest common factor of 8 and 12?
4
What is the highest common divisor of 3107 and 3346?
239
What is the highest common factor of 351 and 26?
13
What is the highest common divisor of 189 and 4095?
63
Calculate the greatest common factor of 64 and 19904.
64
What is the greatest common divisor of 220 and 286?
22
What is the highest common factor of 1564 and 1656?
92
What is the highest common factor of 54 and 729?
27
Calculate the highest common factor of 518 and 28.
14
What is the greatest common divisor of 18774 and 14?
14
Calculate the highest common divisor of 7 and 847.
7
Calculate the greatest common divisor of 216 and 27.
27
What is the greatest common factor of 679 and 291?
97
Calculate the highest common divisor of 40 and 8648.
8
Calculate the highest common divisor of 87 and 493.
29
Calculate the greatest common factor of 14 and 2506.
14
What is the highest common divisor of 197 and 4?
1
What is the highest common divisor of 122 and 19276?
122
What is the greatest common divisor of 176 and 66?
22
Calculate the highest common factor of 50 and 1050.
50
What is the highest common divisor of 92 and 2254?
46
What is the greatest common divisor of 12 and 3?
3
What is the greatest common divisor of 1680 and 60?
60
Calculate the highest common divisor of 18 and 998.
2
Calculate the greatest common divisor of 128 and 48.
16
What is the highest common factor of 2725 and 436?
109
Calculate the highest common divisor of 28125 and 225.
225
What is the greatest common divisor of 405 and 243?
81
What is the highest common factor of 80 and 60?
20
What is the highest common factor of 330 and 510?
30
What is the greatest common divisor of 12 and 150?
6
What is the highest common factor of 75 and 35?
5
Calculate the greatest common factor of 1012 and 220.
44
Calculate the highest common factor of 14930 and 10.
10
Calculate the highest common divisor of 158 and 1738.
158
Calculate the greatest common divisor of 966 and 168.
42
Calculate the greatest common divisor of 100 and 2550.
50
What is the greatest common divisor of 1599 and 156?
39
Calculate the highest common factor of 51 and 476.
17
Calculate the greatest common divisor of 37 and 4477.
37
Calculate the greatest common factor of 192 and 80.
16
What is the greatest common divisor of 75 and 51225?
75
Calculate the greatest common factor of 21 and 78.
3
What is the highest common factor of 600 and 15?
15
What is the highest common factor of 30 and 12?
6
Calculate the highest common factor of 6536 and 516.
172
What is the greatest common divisor of 20 and 250?
10
What is the highest common factor of 61 and 12017?
61
Calculate the greatest common divisor of 1862 and 196.
98
What is the greatest common factor of 2736 and 16?
16
Calculate the greatest common divisor of 91 and 104.
13
What is the highest common divisor of 408 and 96?
24
What is the highest common divisor of 18440 and 40?
40
What is the highest common divisor of 3842 and 476?
34
What is the highest common divisor of 99 and 1881?
99
Calculate the greatest common divisor of 32 and 1152.
32
What is the highest common divisor of 410 and 164?
82
What is the highest common divisor of 268 and 469?
67
Calculate the greatest common factor of 744 and 192.
24
Calculate the greatest common divisor of 44 and 704.
44
What is the highest common factor of 300 and 135?
15
What is the highest common divisor of 35 and 21245?
35
Calculate the greatest common divisor of 2475 and 6975.
225
Calculate the highest common divisor of 195 and 91.
13
What is the highest common factor of 305 and 488?
61
What is the greatest common factor of 445 and 712?
89
Calculate the greatest common divisor of 308 and 176.
44
What is the highest common divisor of 2128 and 380?
76
What is the highest common factor of 92 and 460?
92
Calculate the highest common factor of 36 and 10.
2
Calculate the highest common factor of 335 and 5.
5
What is the highest common factor of 264 and 24?
24
Calculate the greatest common divisor of 22 and 33.
11
Calculate the highest common factor of 180 and 270.
90
Calculate the highest common factor of 24 and 324.
12
What is the greatest common divisor of 6 and 15?
3
What is the greatest common divisor of 266 and 114?
38
Calculate the greatest common divisor of 24 and 7944.
24
What is the highest common divisor of 816 and 306?
102
What is the greatest common factor of 237 and 395?
79
What is the greatest common factor of 30 and 870?
30
What is the highest common divisor of 384 and 36?
12
Calculate the highest common factor of 102 and 222.
6
What is the highest common divisor of 1022 and 70?
14
Calculate the greatest common divisor of 52 and 4966.
26
What is the greatest common factor of 2343 and 99?
33
Calculate the greatest common divisor of 230 and 30.
10
Calculate the greatest common factor of 9841 and 13.
13
What is the highest common factor of 234 and 624?
78
Calculate the greatest common factor of 247 and 3249.
19
Calculate the greatest common divisor of 75 and 270.
15
What is the greatest common divisor of 1 and 18?
1
What is the greatest common factor of 598 and 338?
26
What is the greatest common factor of 9361 and 46?
23
What is the highest common factor of 24 and 312?
24
What is the highest common factor of 146 and 1022?
146
Calculate the greatest common factor of 28040 and 32.
8
Calculate the greatest common factor of 120 and 84.
12
What is the highest common factor of 290 and 20?
10
What is the greatest common factor of 1617 and 588?
147
What is the highest common divisor of 784 and 16?
16
Calculate the highest common divisor of 3843 and 63.
63
Calculate the highest common divisor of 7705 and 1035.
115
What is the highest common factor of 282 and 4418?
94
What is the highest common factor of 3745 and 140?
35
Calculate the greatest common divisor of 126 and 90.
18
Calculate the highest common divisor of 10 and 2490.
10
What is the highest common factor of 6 and 39?
3
Calculate the highest common divisor of 19406 and 62.
62
Calculate the greatest common factor of 1295 and 210.
35
Calculate the highest common factor of 49 and 5.
1
What is the greatest common factor of 455 and 560?
35
What is the greatest common factor of 86 and 12298?
86
Calculate the highest common factor of 7812 and 56.
28
Calculate the highest common factor of 17 and 170.
17
What is the highest common factor of 180 and 7845?
15
Calculate the greatest common divisor of 203 and 1363.
29
Calculate the highest common factor of 14 and 110.
2
What is the highest common divisor of 12 and 7248?
12
What is the highest common factor of 7 and 35?
7
Calculate the greatest common factor of 13 and 2119.
13
Calculate the greatest common divisor of 220 and 16.
4
What is the greatest common divisor of 18344 and 8?
8
What is the greatest common factor of 575 and 23?
23
What is the highest common divisor of 390 and 30?
30
What is the highest common divisor of 517 and 22?
11
Calculate the highest common factor of 492 and 276.
12
What is the greatest common factor of 261 and 609?
87
Calculate the highest common factor of 9 and 5661.
9
What is